t d = -837 + 948. What is the remainder when d is divided by v(-4)?
54
Let g = 305 - 174. Let c(l) = 2*l**3 + 6*l**2 - 24*l - 14. What is the remainder when g is divided by c(-5)?
5
Let w = 12 + 46. Let h(v) = v**2 + v + 4. Let x be h(-3). Suppose -x*f = -8*f - 12. Calculate the remainder when w is divided by f.
4
Let a(d) = 6*d + 34*d**3 - 7*d**2 + 21*d**3 - 56*d**3 - 1. Suppose -4*o + 5*w - 7 = 0, -w + 0*w = -5*o - 35. Calculate the remainder when a(o) is divided by 9.
6
What is the remainder when 1445 is divided by ((-188)/(-6) - -3)/(11/33)?
3
Let w be (-783)/(-270) - 2/(-20). Suppose 0 = w*p - 2*p + l - 1153, -2*l = p - 1154. Calculate the remainder when p is divided by 15.
12
Suppose -2*z = -2*r + 1948, -3*r = 41*z - 45*z - 2915. Calculate the remainder when 988 is divided by r.
7
Calculate the remainder when ((-7)/(-2))/(-7)*-3040 is divided by 302.
10
Suppose -v + 109 = w, -57*v = -59*v. What is the remainder when 712 is divided by w?
58
Suppose -74 = 3*d - 290. What is the remainder when 322 is divided by d?
34
Let k(g) = -2*g**3 + 6*g**2 + 8*g - 14. Let d be k(6). What is the remainder when 283 is divided by 4/(-26) + (-4760)/d?
23
Let x(d) = -d**3 + 23*d**2 + 38*d - 18. Let v be x(24). Suppose 0 = -n + 7*n - v. Calculate the remainder when n is divided by 19.
15
Let v = 104 - 99. Suppose -5*m + 4 = -5*f + 29, -v*f + 21 = -3*m. Calculate the remainder when 16/(-4) - (-168)/f is divided by 18.
16
Let c = 54 + -46. Let o(v) = v**3 - 8*v**2 - v + 11. Let p be o(c). Suppose q = p*q - 38. Calculate the remainder when 56 is divided by q.
18
Suppose 0 = -7*x + 31*x - 3648. Let d be 4/14 - 1149/(-21). Suppose x = 9*a - d. Calculate the remainder when a is divided by 17.
6
Let y(i) = -i**3 + 4*i**2 + 28*i - 33. Calculate the remainder when 1367 is divided by y(7).
7
Let h be -1 + 8/48 + 34/12. Let f = h - -19. What is the remainder when 32 is divided by f?
11
Let z(l) = -20*l**2 + 5*l + 15. Let d be z(4). Let o = 336 + d. Suppose 5*u - 13 = 17. Calculate the remainder when o is divided by u.
3
Let n = -29266 - -29368. What is the remainder when 316 is divided by n?
10
Suppose 7*c = 3*c + 72. Suppose -2*q = -52 + c. What is the remainder when ((-88)/(-110))/(2/120) is divided by q?
14
Let r(p) = 4*p + 48. Let a be r(-11). Suppose -2*t + 3*t = 4, -a*t + 104 = 2*o. Calculate the remainder when 128 is divided by o.
40
Let t(q) = q**3 - 6*q**2 + 31*q + 14. Let u = -374 + 380. What is the remainder when t(u) is divided by 29?
26
Suppose -14*c + 421 = -657. What is the remainder when c is divided by 70?
7
Suppose -45*d + 454 + 321 = -350. Suppose 2*k + 2381 = -5*p, -2*p - 942 - 16 = -2*k. Calculate the remainder when 14/(-35) - p/5 is divided by d.
20
Suppose 0 = -3*m + 2*k + 105 + 974, -2*m + 724 = -2*k. What is the remainder when 391 is divided by m?
36
Let b = -118 + 56. Let t = 64 + b. Calculate the remainder when 5 is divided by t.
1
Suppose 69*p - 40*p - 44*p = -2760. What is the remainder when 768 is divided by p?
32
Let p be -1 + (16784/28 - (-9)/(-21)). Suppose b + 233 + p = -3*h, -3*b = 9. Let x = 431 + h. What is the remainder when x is divided by 52?
51
Suppose 0 = 10*l - 99 - 91. Let u(y) = 2*y - 34. Suppose 5*r + 6*k - 4*k = 47, 3*k + 15 = 2*r. Calculate the remainder when r is divided by u(l).
1
Suppose 62*y + 6 = 63*y, -4*y + 68 = 4*d. What is the remainder when 106 is divided by d?
7
Let b = -2078 + 2168. What is the remainder when 787 is divided by b?
67
Suppose 93 = -0*y + y. Suppose 0 = -5*m - 0*s - 3*s - 370, -m - 67 = 2*s. Let f = m + y. Calculate the remainder when 27 is divided by f.
11
Let p = 7843 + -7729. Calculate the remainder when 496 is divided by p.
40
Let f(w) = -2*w**2 - 13*w + 22. Let r be f(-11). Let j = -72 - r. Suppose -6*d = j - 221. What is the remainder when 140 is divided by d?
32
Suppose -4*f + 20 = 2*t + 2*t, t - 17 = -5*f. Let v(a) = -11 + 19*a**3 + 2*a - 7*a**3 - 11*a**3 - 10*a**t. What is the remainder when 32 is divided by v(10)?
5
Suppose 4435 = 7*w - 4490. Suppose -7*c = 449 - w. What is the remainder when c is divided by 17?
16
Suppose -6*t - 304 + 364 = 0. Let u be (-2)/4 + 12/8. Calculate the remainder when (-1)/u*1*-69 is divided by t.
9
Let u(r) = 5*r**3 - r**2 + 3*r - 4. Let i be u(2). Let j = 54 - i. Let d = j + -11. Calculate the remainder when 11 is divided by d.
1
Suppose 8*y - 9*y + 5212 = 5*f, -2*y + 1037 = f. Let t = f + -707. What is the remainder when t is divided by 68?
64
Let i(v) = 8 + 0*v + v + 4 - 1 + v**2. Calculate the remainder when i(0) is divided by ((-20)/100)/((-2)/50).
1
What is the remainder when ((-130)/(-30) - 1)/(10/2865) is divided by 318?
1
Suppose 4*u + 3*j + 29 - 117 = 0, 5*u - 110 = -3*j. Calculate the remainder when 720 is divided by u.
16
Suppose u + 50 - 54 = 0. Suppose 656 = u*a + 600. What is the remainder when 162 is divided by a?
8
Suppose 2*g + 2*c = 6*g + 44, 52 = -5*g + c. Let k = 1734 + -1722. What is the remainder when (-1030)/g + 1*2 is divided by k?
9
What is the remainder when -7 - (-14 + 154)*1*-1 is divided by 62?
9
Let v(m) = 41*m - 175. What is the remainder when 5458 is divided by v(5)?
28
Suppose -b + 3*z + 53 = b, -115 = -5*b + 4*z. Suppose 4*m - 3*g = 32, 3 = m - 3*g + g. Suppose m*l = 217 + 355. What is the remainder when l is divided by b?
14
Let f be (-6)/16 - ((-3416)/64 + 0). Suppose f = 2*r + 33. What is the remainder when 39 is divided by r?
9
Suppose 1 - 5 = -4*h. Calculate the remainder when h/(-1 - 3/(-123) - -1) is divided by 338/16 - 1/8.
20
Let v(l) = 38*l + 31. Let j be (0/(-4) - -2) + 7. Suppose 0 = 3*s - 63 - j. What is the remainder when v(1) is divided by s?
21
Calculate the remainder when 1186 is divided by 1218/4*(-466)/(-1631).
55
Suppose 0*p + 6*p = 354. Let s = -35 + p. Suppose s*g = 29*g - 95. Calculate the remainder when 52 is divided by g.
14
Suppose 2*x - 64 = 18. Let c = 29 + -24. Suppose 0 = y + c, y = 4*r + 12 - 73. Calculate the remainder when x is divided by r.
13
Let q = 75 + -48. Let a = -25 + 27. Suppose 3 = w + 4*f, 2*w = w - a*f + 5. What is the remainder when q is divided by w?
6
Suppose 2*p = 9 + 11. Let t = 21 - p. What is the remainder when ((-50)/(-35))/((-2)/(-28)) is divided by t?
9
Suppose -23*d + 21*d = -28. Suppose -5*o + d = -11. Calculate the remainder when (1116/(-96))/((-1)/8) is divided by o.
3
Calculate the remainder when 18272/24*(-375)/(-50) is divided by 42.
40
Let v(g) = -g**3 + 13*g**2 + 14*g + 12. Let d be v(14). Suppose 30*q - d*q - 1746 = 0. What is the remainder when q is divided by 49?
48
Let j(x) = 9*x + 750. Calculate the remainder when j(-58) is divided by 54.
12
Let u(s) = -s**3 + 4*s**2 + 3. Let h be u(4). Suppose -507 = -4*g - 3*a, 6*g - 5*a = h*g + 373. What is the remainder when g is divided by 16?
14
Let h = -3690 + 3894. Calculate the remainder when 1002 is divided by h.
186
Suppose v = -6*v. Suppose -19*t + 7*t + 528 = v. What is the remainder when t is divided by 12?
8
Let s(c) = 3*c + 82. Let q = 270 - 258. What is the remainder when s(q) is divided by 20?
18
Suppose -x + 2*x + 17 = 5*m, 3*x + 3*m - 21 = 0. Let t = -43 + 46. Suppose 0 = -5*a, t*b - 9 = 16*a - 14*a. What is the remainder when x is divided by b?
0
Let s = 258 - -729. What is the remainder when s is divided by 978?
9
Suppose 0 = s + 22*b - 18*b + 45, 4*s + 225 = -b. What is the remainder when 3572/s*(-6)/8 is divided by 22?
3
Let u = -120 + 20. Let x be ((-18)/(-15))/((-30)/u). Suppose v + 3*c - 16 = -v, x*c = -16. Calculate the remainder when 53 is divided by v.
11
Suppose 0 = 2*v - q + 207, -5*v + 7*q = 8*q + 507. Let o = -94 - v. Let g(k) = -21*k**3 - 3*k - 2. What is the remainder when g(-1) is divided by o?
6
Let i(o) = 10*o**2 - 41*o - 21. Calculate the remainder when i(6) is divided by 11.
5
Suppose 4 + 8 = 3*m. Let o(j) = 2*j**3 - 8*j**2 + 1. Let k(x) = x**2 - 4*x + 5. What is the remainder when k(3) is divided by o(m)?
0
Suppose 2*i = -4*y + 2642 + 110, -5*y - 3*i + 3441 = 0. Calculate the remainder when y is divided by 139.
131
Suppose 5*t - 304*z = -299*z + 35650, -2*z = 5*t - 35608. Calculate the remainder when t is divided by 29.
19
Let k(t) = -43*t + 518. What is the remainder when k(-3) is divided by 112?
87
Suppose 0 - 30 = -t - 5*k, 4*t - 5*k - 120 = 0. Suppose 715 = t*x - 25*x. Wh